b(i) = -116*i - 81. Calculate b(6).
-777
Let v(q) = 9*q**2 - 7*q + 9. Determine v(-6).
375
Let y(v) = 2*v**2 + 198*v - 1322. What is y(6)?
-62
Let c(x) = x**3 + 18*x**2 + 24*x + 120. Give c(-17).
1
Let l(u) = u**3 + 10*u**2 - 12*u - 62. Give l(-11).
-51
Let d(v) = -9*v + 249. Determine d(10).
159
Let p(q) = -q**2 + 70*q - 927. Give p(40).
273
Let m(y) = -y**2 - 47*y - 346. Calculate m(-9).
-4
Let s(m) = m**3 - 4*m**2 + 4*m - 44. What is s(5)?
1
Let y(x) = 356*x + 24526. Calculate y(-69).
-38
Let m(k) = -4*k**2 + 50*k + 3088. Give m(-22).
52
Let o(j) = -j**3 - 42*j**2 + 3*j + 83. Give o(-42).
-43
Let o(q) = -960*q - 63328. Calculate o(-66).
32
Let a(k) = 1541*k - 21567. Give a(14).
7
Let l(g) = 5*g**2 - 11*g - 112. What is l(-11)?
614
Let c(a) = -a**3 - 3*a**2 - 15*a - 34. Calculate c(-4).
42
Let v(z) = 2*z**2 - 15*z + 27. Give v(5).
2
Let b(u) = u**3 + 8*u**2 - 4*u + 86. Give b(-11).
-233
Let i(z) = z**3 - 14*z**2 + 19*z + 6. Give i(12).
-54
Let z(w) = w**3 + 15*w**2 - 321*w + 79. What is z(-27)?
-2
Let x(k) = -k**3 + 18*k**2 - 24*k + 97. What is x(16)?
225
Let b(i) = 68*i + 259. Calculate b(-5).
-81
Let w(x) = -x**3 + 14*x**2 - 21*x - 76. Calculate w(14).
-370
Let r(v) = 20*v**3 + 3*v**2 + 8*v - 9. Calculate r(1).
22
Let o(a) = 2*a**2 + 4*a - 8. Give o(3).
22
Let h(o) = 35*o - 388. Determine h(11).
-3
Let x(z) = -z + 3. What is x(24)?
-21
Let v(k) = 1376*k - 20651. What is v(15)?
-11
Let u(d) = -d**3 + 6*d**2 + 227*d - 1155. Determine u(5).
5
Let s(w) = -w**2 - 448*w - 22281. Calculate s(-391).
6
Let j(w) = -w**2 + 40*w + 779. Calculate j(-15).
-46
Let d(i) = 66*i + 2990. Give d(-45).
20
Let o(r) = 49*r - 4774. What is o(97)?
-21
Let y(a) = 2*a**2 + 135*a - 11916. What is y(-118)?
2
Let r(c) = 130*c + 104. Give r(2).
364
Let j(k) = 2*k + 91. Calculate j(-36).
19
Let p(o) = 83*o**2 + 24*o - 23. What is p(1)?
84
Let g(u) = -2*u**2 - 15*u + 72. Calculate g(-11).
-5
Let n(c) = -32*c**2 - 348*c + 24. Determine n(-11).
-20
Let l(d) = -d**3 + 14*d**2 - 15*d - 14. Calculate l(13).
-40
Let d(u) = 34*u**2 - 542*u - 18. Determine d(16).
14
Let i(x) = -5*x**2 + 32*x + 257. What is i(11)?
4
Let u(f) = 44*f + 1000. Determine u(-27).
-188
Let a(n) = 7*n**3 + 85*n**2 + 28*n - 663. Calculate a(-11).
-3
Let x(i) = -3*i**3 - 2*i**2 - 21*i - 54. Give x(-2).
4
Let w(f) = f**2 - 59*f + 773. Give w(37).
-41
Let b(x) = 2854*x + 17073. Calculate b(-6).
-51
Let a(w) = -4*w**2 + 125*w + 914. Determine a(37).
63
Let m(l) = -3*l**3 + 6*l**2 - 6*l + 17. Calculate m(4).
-103
Let h(q) = 23*q - 16. What is h(4)?
76
Let m(h) = 50*h + 698. What is m(-12)?
98
Let g(h) = 2*h**3 + 9*h - 1. What is g(0)?
-1
Let t(c) = 6*c**2 - 6*c + 5. Determine t(3).
41
Let r(p) = 51*p - 620. Give r(12).
-8
Let b(u) = 19*u + 1192. Calculate b(-62).
14
Let c(g) = 2*g**2 + g + 20. Determine c(12).
320
Let z(x) = -20*x**2 + 53*x - 84. Give z(8).
-940
Let n(o) = -1301*o + 3926. What is n(3)?
23
Let x(o) = -2*o**3 + o**2 + 19*o - 1. Give x(0).
-1
Let w(d) = 37*d - 45. Give w(7).
214
Let w(a) = -4*a**2 + 153*a - 1073. Determine w(29).
0
Let f(x) = 5*x + 59. Determine f(-9).
14
Let z(c) = -158*c - 2056. Calculate z(-13).
-2
Let k(a) = a**2 + 169*a + 6245. Give k(-115).
35
Let w(v) = -v**3 + 34*v**2 + 75*v - 100. Give w(36).
8
Let g(d) = d**3 - 146*d**2 - 589*d - 1650. What is g(150)?
0
Let c(a) = 39*a**2 - 30*a - 29. What is c(-1)?
40
Let w(l) = l**3 + 6*l**2 - 23*l - 192. Give w(-11).
-544
Let r(s) = 192*s + 1329. What is r(-6)?
177
Let q(z) = -2*z**3 + 15*z**2 + 10*z - 123. Determine q(7).
-4
Let z(g) = -10*g + 385. Calculate z(-14).
525
Let w(s) = -24*s - 80. What is w(-6)?
64
Let u(r) = -5*r**3 + 25*r**2 - 10*r. What is u(4)?
40
Let x(l) = -215*l + 421. Give x(2).
-9
Let w(q) = 674*q + 31696. Give w(-47).
18
Let i(v) = 57*v + 2106. Calculate i(-37).
-3
Let i(p) = -76*p - 1786. Determine i(-22).
-114
Let a(l) = -3*l**2 + 109*l - 166. What is a(36)?
-130
Let k(f) = -4741*f + 66386. Give k(14).
12
Let g(v) = 13*v**2 + 14*v + 12. Determine g(-1).
11
Let x(d) = -2*d**2 + 16*d + 56. What is x(13)?
-74
Let c(y) = -3*y**2 - 75*y - 26. Determine c(-25).
-26
Let j(n) = n**3 - 22*n**2 - 52*n - 13. Calculate j(24).
-109
Let b(u) = -346*u - 59504. Calculate b(-172).
8
Let m(o) = -3*o**2 - 18*o - 59. Calculate m(-7).
-80
Let n(x) = -2*x**3 + 66*x**2 + 463*x - 17. Calculate n(-6).
13
Let w(a) = -a**3 - 4*a**2 - 724*a - 1454. What is w(-2)?
-14
Let m(h) = -2*h**3 + 24*h**2 - 147*h + 543. Give m(7).
4
Let u(i) = i**3 - 17*i**2 + 30*i + 234. Calculate u(13).
-52
Let v(z) = 2*z**2 - 65*z - 24. Determine v(30).
-174
Let v(f) = -272*f**3 - 5*f**2 + 5*f. Determine v(1).
-272
Let a(h) = 8553*h - 17116. Give a(2).
-10
Let t(v) = -14*v**2 - 69*v + 2477. Calculate t(-16).
-3
Let l(a) = -a**3 + 37*a**2 + 40*a - 89. Give l(38).
-13
Let b(r) = -r**3 + 31*r**2 - 28*r - 117. Determine b(30).
-57
Let v(r) = -2*r**2 + 55*r + 19. Give v(29).
-68
Let o(v) = 5*v - 72. Give o(8).
-32
Let m(p) = -p**3 + p**2 + 2*p + 108. Calculate m(0).
108
Let z(t) = 19*t + 2325. What is z(-125)?
-50
Let j(v) = -5*v + 141. Give j(23).
26
Let r(i) = i**2 + 20*i - 50. Determine r(-19).
-69
Let o(v) = 16*v + 104. What is o(-10)?
-56
Let x(w) = -w**3 - 7*w**2 + 16*w - 27. Give x(-9).
-9
Let r(b) = -b**3 + 4*b**2 + 9*b + 42. Determine r(7).
-42
Let o(w) = -w**2 - 63*w + 5. Calculate o(-62).
67
Let p(z) = -4*z**2 - 349*z + 2465. Give p(7).
-174
Let p(r) = -2*r**3 + 14*r**2 - 110*r + 6. Determine p(7).
-764
Let a(o) = -o**2 - 16*o + 10526. Determine a(-111).
-19
Let x(v) = -230*v - 4153. Determine x(-18).
-13
Let q(n) = 513*n + 4390. Determine q(-9).
-227
Let a(c) = 14*c**3 - 3*c**2 - 4*c. What is a(-1)?
-13
Let j(u) = -1221*u + 20755. Determine j(17).
-2
Let z(k) = 196*k**2 + 18033*k + 106. Determine z(-92).
14
Let s(w) = 221*w - 1097. Give s(5).
8
Let j(q) = 2152*q + 19367. Calculate j(-9).
-1
Let l(r) = r**3 + 4*r**2 + 2*r - 19. Determine l(-6).
-103
Let d(k) = -k**3 - 114*k**2 - 1483*k + 227. What is d(-99)?
29
Let a(c) = c**3 + 3*c**2 - 28*c + 8. Give a(-7).
8
Let n(i) = -i**2 + 32*i + 201. Give n(-6).
-27
Let a(k) = 10057*k - 211200. What is a(21)?
-3
Let o(x) = x**3 - 32*x**2 + 37*x - 207. What is o(31)?
-21
Let p(t) = -186*t - 14142. Calculate p(-76).
-6
Let o(d) = -178*d + 1173. Give o(7).
-73
Let o(i) = -6*i**3 + 41*i**2 + 272*i + 15. What is o(11)?
-18
Let c(q) = -q**2 + 37*q + 143. What is c(40)?
23
Let m(d) = 987*d + 22710. What is m(-23)?
9
Let k(n) = -86*n - 5. What is k(-1)?
81
Let n(i) = -25*i - 121. Give n(-8).
79
Let j(y) = 2*y**3 - 14*y**2 - 26*y + 221. Give j(6).
-7
Let v(x) = -25*x + 702. What is v(7)?
527
Let q(j) = -2*j**2 + 116*j + 1202. What is q(67)?
-4
Let t(a) = -1813*a + 10873. Determine t(6).
-5
Let w(l) = -12*l**3 - 5*l**2 + 6*l + 21. Calculate w(3).
-330
Let k(r) = -r**2 - 47*r + 206. Give k(-52).
-54
Let o(z) = -z**3 + z**2 - 5*z + 38. Give o(0).
38
Let w(b) = -b**3 - 2*b**2 - 152*b - 463. Calculate w(-3).
2
Let a(c) = 105*c - 48. Calculate a(-1).
-153
Let s(d) = -16*d**2 - 132*d + 1694. What is s(7)?
-14
Let m(k) = -4*k**2 - 78*k - 296. Calculate m(-5).
-6
Let i(x) = -26*x - 5664. Calculate i(-218).
4
Let t(k) = -k**3 + 23*k**2 + 27*k - 365. Calculate t(24).
-293
Let i(h) = 15*h + 136. Calculate i(-13).
-59
Let v(g) = -g**3 + 7*g. Calculate v(-3).
6
Let m(v) = v**3 + 14*v**2 + 23*v + 201. Determine m(-13).
71
Let v(s) = -s**3 + 27*s**2 - 140*s + 5. Determine v(7).
5
Let n(s) = s**3 + 60*s**2 + 223*s - 63. Give n(-56).
-7
Let w(l) = l**2 - 310*l - 1923. Calculate w(-6).
-27
Let c(i) = i**3 - 6*i**2 - 429*i - 21. Determine c(24).
51
Let i(k) = 11*k**2 + 137. Give i(0).
137
Let f(m) = -m**3 + 17*m**2 - 42*m - 30. Calculate f(14).
-30
Let k(m) = -m**3 + m**2 + 7*m + 2. Determine k(-5).
117
Let q(r) = 26*r**2 + 194*r + 86. What is q(-7)?
2
Let o(x) = 576*x - 50113. Calculate o(87).
-1
Let d(f) = -4*f + 111. Calculate d(-15).
171
Let h(r) = 15*r**2 - 2484*r - 990. Give h(166).
6
Let a(q) = 3*q**3 + 116*q**2 - 44*q + 94. Determine a(-39).
289
Let s(m) = -7*m**2 + 88*m - 7. Calculate s(7).
266
Let q(v) = 27*v**2 - 41*v + 5. Calculate q(0).
5
Let w(j) = 81*j - 1034. Give w(13).
19
Let u(r) = r**3 - 10*r**2 - 59*r + 78. Give u(14).
36
Let l(k) = -5*k**2 - 218*k + 92. Determine l(-44).
4
Let y(g) = -2*g**2 + 5438*g - 21723. Calcul